b. Suppose 2*f - o = -0*p + 3*p, 0 = -3*f - p + 206. Is f a composite number?
True
Let t = -27 - -60. Suppose -v = -t - 4. Is v a composite number?
False
Let c = 1 - 7. Let p(x) be the third derivative of -x**4/8 + x**3/6 - x**2. Is p(c) prime?
True
Let j = 2847 + -1366. Is j a composite number?
False
Suppose 0 = 5*g + 3*b - 1 - 11, -b = 3*g - 4. Suppose 0 = 5*i - g*i - 165. Is i a prime number?
False
Let r be 1/(2/144) + -2. Suppose 3*n - 2*k + 61 = 0, 5*n - 3*n + 49 = 3*k. Let v = n + r. Is v a composite number?
False
Suppose -7*j + 3*j - 3*v - 595 = 0, 4*j = v - 575. Let h = j - 3. Let p = h + 215. Is p prime?
True
Suppose 3*s - o = 558, 4*s + 3*o - 670 - 87 = 0. Is s prime?
False
Let h(x) = 59*x**2 + 4*x + 2. Is h(-3) a composite number?
False
Let f be -16 + 3 + 0/3. Is -1*1*(-2 + f) prime?
False
Let s = 6 + 0. Suppose -2*g - 5*z + s = -9, 0 = -5*g + 4*z + 21. Suppose v - w - 213 = 0, g*v + 5*w - 1264 = -159. Is v composite?
True
Let h(l) = -4*l**3 + l**2 + 1. Let f(m) = 12*m**3 - 4*m**2 + m - 4. Let w(s) = -2*f(s) - 7*h(s). Let c be w(1). Suppose -c*o = o - 185. Is o prime?
True
Suppose g + 100 = 5*g. Suppose 3*h + 7 - g = 0. Suppose h*r - 5*d = 3*r + 23, r - 3*d = 5. Is r prime?
True
Let m be (-2)/(-13) + 10605/(-65). Let g(i) = 5*i**2 - 3*i + 6. Let v be g(7). Let a = m + v. Is a prime?
True
Let p(b) = -b**2 + 6*b - 10. Let j(z) = z**2 - 5*z + 9. Let v(m) = 4*j(m) + 3*p(m). Let q be (-2)/(-12) + (-437)/(-114). Is v(q) a prime number?
False
Suppose 3518 = -11*l + 12*l. Is l a composite number?
True
Suppose -951 = -5*k - 3*n, 3*n - 567 = 4*k - 7*k. Suppose 2*w + 8*v - 3*v - k = 0, 0 = 5*w + 5*v - 450. Suppose -2*o + w = -0*o. Is o a composite number?
False
Suppose -4*j - 2*z + 1480 = 0, 154 = j + z - 217. Let l = -62 + j. Is l a prime number?
True
Suppose 3 = 2*y - 3. Suppose -4*d + 125 = -s, y*s - 3*d + 386 = -2*d. Let u = s + 262. Is u a composite number?
True
Suppose 0 = 3*g - 3*q - 402, 2*g - q - 3*q = 260. Suppose 2*p + g + 22 = 0. Let m = -27 - p. Is m composite?
False
Suppose -a + 36 = 25. Is a prime?
True
Let u(d) = d - 5. Let r be 1/((9/15)/3). Let z be u(r). Let m = z + 7. Is m a prime number?
True
Suppose -92 = 5*b - 317. Let i = b + 12. Is i a composite number?
True
Let i(f) be the second derivative of f**5/20 - f**4/6 - f**3/3 - 3*f**2/2 + 6*f. Is i(5) a prime number?
False
Let y(t) = -3*t**3 - 2*t - 8. Let g be y(-4). Is g + 0 - (-6)/(-6) a prime number?
True
Let i(s) = -58*s + 18. Let n be i(-9). Suppose 2*a = 4*p - n, 5*p - 2*a - 657 = -4*a. Is p a composite number?
True
Suppose 4*r + 4*o - 104 = o, 2*r = 2*o + 52. Is r a prime number?
False
Let z = -1158 - -1973. Is z prime?
False
Is 1484/28*(-1 - -1*2) a prime number?
True
Let t(l) = -4*l**3 + 6*l - 4. Let g(b) = 11*b**3 + b**2 - 18*b + 11. Let w(x) = -3*g(x) - 8*t(x). Let p be 2 + -2*(2 + 2). Is w(p) a prime number?
True
Let q = -7 - -10. Suppose 13 = 5*z - 7. Suppose z*y = -2*w + 36, 5*y + q*w = -0*w + 44. Is y prime?
False
Suppose o - 8 = -o. Is 0 + 1/(2/o) a prime number?
True
Suppose 2*p = 2*z - 3*p - 147, -3*p = -5*z + 377. Let g = 225 - z. Is g prime?
True
Suppose d + 3*r = 98, 5*r + 308 - 28 = 3*d. Is d composite?
True
Let h = 23 + -20. Let s = 447 + -265. Suppose -h*m = -m - s. Is m a composite number?
True
Is ((-1)/(-2 + 1))/((-6)/(-2874)) a composite number?
False
Let x(h) be the first derivative of -2*h + 11/2*h**2 - 1. Is x(3) composite?
False
Suppose -l - 4 = -3*l. Suppose -2 - l = 2*j. Is 2/(2*j/(-22)) composite?
False
Let h(p) = -p - 1. Let b(s) = 9*s - 6. Let m(c) = b(c) + 3*h(c). Is m(4) prime?
False
Let l(a) = a**2 + a. Let z be l(-1). Suppose 2*v = 2*d + 2 - 0, 3*d + 23 = -2*v. Let p = z - v. Is p composite?
True
Is (-2 + 0 + -1053)*-1 composite?
True
Let t = 30 + -56. Let c = t + 40. Is c a composite number?
True
Suppose -2*p + 6*p + 28 = 0. Let s(r) = -r**2 - 9*r - 6. Let f be s(p). Suppose -4*j - 24 = -f*j. Is j prime?
False
Suppose 5*a + 1661 = -64. Let k = a + 652. Is k composite?
False
Is 3 + (-2 - -3) + 89 composite?
True
Let l(j) = -15*j - 11. Let d(y) = y - 1. Let s(z) = -6*d(z) + l(z). Is s(-4) a prime number?
True
Suppose 0 = 2*r + r - 9, 0 = -3*j - 5*r + 462. Is j a prime number?
True
Let k = -640 + 1121. Is k a prime number?
False
Let a = 60 - -37. Is a composite?
False
Let c(l) be the first derivative of l**3 - 5*l**2/2 - 13*l - 6. Is c(9) a composite number?
True
Let s be ((-4)/(-12)*0)/(-1). Is (36 - (0 - s)) + 1 a prime number?
True
Let x(l) = -7*l**2 + 7*l + 5. Let s be x(-4). Let g = s - -262. Is g prime?
True
Is 958/2 + 0/(-2) a composite number?
False
Suppose -1 + 5 = 4*s. Suppose 0 = -f - 3 - s. Let u(w) = 2*w**2 - 5*w + 1. Is u(f) prime?
True
Suppose 2*v + 5*g - 3*g = 70, 0 = 4*v + 5*g - 141. Suppose -r = -0*r - v. Is r composite?
True
Let h = 286 - 29. Is h a composite number?
False
Suppose -2*c + 2*b + 290 = 54, -5*c = 5*b - 560. Is c a composite number?
True
Suppose 5*t - 667 = -4*o + 20, 3*t = o - 176. Suppose -3*x + 22 = -o. Is x prime?
False
Suppose 5*f - 3620 = 3*f + 2*o, -3*f + 5431 = -2*o. Is f a prime number?
True
Let p(d) = 4*d**3 + 10*d**2 + 12*d - 7. Is p(8) composite?
False
Let g = 1 - -3. Suppose -3*b = b - g*v - 576, 2*b - 3*v = 289. Is b a prime number?
False
Suppose -3*g + 4*g = k + 33, -3*g + 91 = -5*k. Is g a composite number?
False
Let v = 1 - 3. Let u = 4 + v. Suppose -u - 4 = -2*y. Is y a prime number?
True
Suppose 5*g + 3*w = 2*g + 3303, g + 4*w = 1107. Is g composite?
True
Is ((-5)/(4 - -1))/((-2)/142) a prime number?
True
Let b be ((-2770)/15)/((-2)/12). Is (-6)/21 - b/(-7) prime?
False
Suppose 7*s - 6*s - 2729 = 0. Is s composite?
False
Suppose 2*u + 1 = -v, -2*v - 4*u = -u + 7. Let s(q) = q**3 + 12*q**2 + 7*q - 2. Let r be s(v). Let c = r - 27. Is c prime?
False
Suppose -q + w + 2043 = -3*w, 5*q = 2*w + 10251. Is q a composite number?
True
Let u(o) = o + 7. Let a be u(-5). Suppose 3*h - 420 = -5*g, -a*g + 6*h - 5*h = -179. Is g a prime number?
False
Let a = 44 + -185. Let h = -26 - a. Is h a prime number?
False
Let r(p) = -p**3 - p + 4. Suppose 0 = -0*c + 5*c. Let s be r(c). Is ((-2)/s)/((-6)/228) prime?
True
Let a(q) = q**3 + 4*q**2 + 2*q + 3. Let x be a(-3). Let c be (2/3)/(x/279). Suppose -b - c = -4*b - l, 0 = -b - 3*l + 13. Is b a composite number?
True
Suppose -5*a - 2685 = -5*s, -2*s - 3*a + 1014 = -80. Is s a prime number?
True
Suppose -3*u + 15 = 3*s, -3*u + s + s + 5 = 0. Suppose u = t + 1. Suppose -t*c - 140 = -6*c. Is c composite?
True
Let f(t) = t**2 + 7*t - 3. Let n be f(-8). Suppose 0 = -4*u + m + 100, 0 = n*u + 4*m - 17 - 87. Suppose b - 5*z - u = 0, -z + 6 = b + 3*z. Is b a prime number?
False
Suppose -2*u - 13 = a, 4*a + 37 = 4*u - 39. Let c = a - -24. Is c a composite number?
False
Suppose 12 = 5*v + 2. Let k(m) = 4 + 5 - m**3 + 4 + 9*m**v - 6. Is k(9) a composite number?
False
Let u = 1 + -1. Suppose -c + 4 = -u. Suppose 0*t + 24 = c*t. Is t a prime number?
False
Let s(b) = 17*b**3 - 5*b**2 - 2*b - 3. Is s(4) a prime number?
True
Suppose 4*k - 238 = -66. Is k a composite number?
False
Suppose -4*j - l = -0*l - 293, -j + 2*l + 71 = 0. Suppose -69 = -2*a + j. Is a a prime number?
True
Suppose 0 = -h + 5*h. Suppose -5*x = -0*a - 3*a - 34, 5*x = -4*a + 13. Suppose d + 2*d = x*w + 17, h = -d - w + 19. Is d a composite number?
True
Let d(w) = -6*w**3 + 4*w**2 + 4*w + 2. Is d(-2) prime?
False
Let k = -402 + 2201. Is k composite?
True
Let t(k) = 54*k + 13. Is t(9) composite?
False
Let a(z) = -22*z - 55. Is a(-8) composite?
True
Suppose 5*m + 10 = 0, 160 = 2*j + 3*m - 12. Is j + 0 + -2 + 0 a composite number?
True
Suppose 3*f + m = 5*m - 7, f + 3 = 2*m. Let w be (f + 0)*(-3 - 100). Suppose -4*a + w - 11 = 0. Is a a composite number?
False
Suppose 0*c + 295 = -5*x - 3*c, 4*x + 2*c + 238 = 0. Let m = x - -119. Is m composite?
True
Let g(y) = -y**2 + 3*y + 7. Let m be g(5). Let l(v) = -26*v + 1. Let p be l(m). Suppose p = -2*b + 3*b. Is b a prime number?
True
Is 189 - 6 - (-4)/(-1) a prime number?
True
Suppose -c - 14 = 14. Is 1/4 - 77/c composite?
False
Is 2/(61/59 + -1) composite?
False
Let f be 104/(-10) - (-12)/30. Let b = f - -14. Suppose b*p = 3*i - 73 - 30, -2*i = 5*p - 84. Is i a composite number?
False
Let m = 193 + -74. Is m composite?
True
Suppose -4*m - 48 = p, 3*p + 13 = 1. L